106, -k + 57 = g*k + c. Suppose -n + 37 = q + q, -4*n = -k. What are the prime factors of q?
2
Suppose -2*q - 5 = -1. What are the prime factors of 37*(3 + -5)/q?
37
Let d(o) = -6*o**3 + 3*o**2 + 18*o + 92. List the prime factors of d(-7).
13, 167
Let a(j) = j**3 + j**2 - 2*j + 3. Let t be a(3). Let u = 46 - t. Let z(o) = 3*o. List the prime factors of z(u).
3, 13
Let q(a) = -a + 8. Let w be q(6). Suppose -3*i = h - w*h - 8, 2*i = 2*h. Suppose -2*r + y + 2*y + 82 = 0, -152 = -i*r + 3*y. What are the prime factors of r?
5, 7
Let x(h) = h**2 + 2*h - 15. Let j be x(-7). Let q(n) = 5*n - 3. Let z be q(3). List the prime factors of z/((j/(-5))/(-16)).
2, 3
Suppose -4*t + 1 - 61 = 0. Let v be (-14 - t)*1*28. What are the prime factors of (1 + (-2)/(-2))*v?
2, 7
Let l be -9 + (6/(-4)*2 - -1). Let y be (14/(-8))/((-8)/160). Let q = y + l. List the prime factors of q.
2, 3
Let m(y) = -y**2 - 5*y + 4. Let k be m(-5). Let o be (-2940)/(-77) - k/22. Let i = -15 + o. List the prime factors of i.
23
Suppose -4*i - 9 = -5*i. Suppose -r - 2*r - 3*h = i, -4*r + 2*h + 6 = 0. Suppose r*n - 2*n = -20. List the prime factors of n.
2, 5
Suppose 3*m - 71 = -4*b, -3*m + b - 30 + 91 = 0. Suppose 0*d - 3*d = -204. Suppose -d = -m*k + 20*k. List the prime factors of k.
2, 17
Suppose o + 9 = 2*q, 0 = q - 2*o + 5*o + 13. Suppose -178 = -q*c + 5*i, -405 - 23 = -5*c + 4*i. List the prime factors of c.
2, 3, 7
Suppose 2*v = 3*v + 3, -4*u = 3*v + 25. What are the prime factors of 10/(-16)*2*u?
5
Suppose 25*j + 46*j - 38127 = 0. List the prime factors of j.
3, 179
Let o = 24 - 17. Suppose -4*f = -o*f + 75. What are the prime factors of f?
5
What are the prime factors of (-2 - 1594/7)/(61/(-427))?
2, 3, 67
Let g = -8 + -2. Let b = g + 33. List the prime factors of b.
23
Let a(t) = -3*t + 739. List the prime factors of a(0).
739
Let q(i) be the second derivative of -i**5/20 + i**4/12 - 7*i**2 + 5*i. Let a be q(0). Let l = 31 + a. What are the prime factors of l?
17
Suppose -2*c - 396 = -8*c. What are the prime factors of c?
2, 3, 11
Suppose 4*j = 5*j - 1. Let y = -2 - -11. Let u = y + j. List the prime factors of u.
2, 5
Let o(h) = -h + 2. Let w(q) = q**3 - q**2 + q - 1. Let a be w(1). Let k be o(a). List the prime factors of -2 - (-8*2 + k).
2, 3
Suppose -4*t = -3*u + 258, 5*t - 100 + 33 = -u. Suppose 0 = -a + n + u - 4, -3*n = 3*a - 210. What are the prime factors of (a - 0)*11/22?
37
Let f = -12 + 0. Let h = -7 - f. Suppose -h*g + 45 = -10. List the prime factors of g.
11
Let w = 1 - -3. Let n be (-9)/w*120/9. Let x = 45 + n. List the prime factors of x.
3, 5
Let g = 279 - 183. Let o = 145 - g. What are the prime factors of o?
7
Suppose -5*l + 3*l - 3*x + 1121 = 0, 2775 = 5*l + 2*x. List the prime factors of l.
7, 79
Let k(a) = -2*a**2 + 155*a - 26. List the prime factors of k(37).
2971
What are the prime factors of (0 - 2) + 184 + (-4)/(-1)?
2, 3, 31
Let g(k) = k**2 + 9*k + 3. Let p be g(-9). Suppose -t + 1 = -p. Suppose t*y - 38 = -4*o + y, 0 = -3*o - y + 26. What are the prime factors of o?
2
Suppose -11 + 5 = -2*q. Suppose q*r - 13 = 2. Suppose 3*n = r*p + 63, 4*p + 26 = 3*n - 34. List the prime factors of n.
2
Let y be 0*3/12*-2. Let z(c) = c**3 - c + 4. Let m be z(y). Suppose -m*w + 47 = 11. List the prime factors of w.
3
Suppose m + 6 = 11. Suppose d + 3*d - o + 52 = 0, m*o + 40 = -5*d. Let f = -4 - d. What are the prime factors of f?
2
Let b(j) = -46*j**3 - j**2. Let u = 2 - 3. What are the prime factors of b(u)?
3, 5
Let a(h) = -h**3 + 5*h**2 + 2*h + 1. Let n(s) = -s**3 + 7*s**2 + 7*s + 10. Let w be n(8). Suppose -1 = w*k - 7. List the prime factors of a(k).
5
Suppose m = -0*u - 4*u + 363, -3*u = -3*m - 291. Suppose -4*r + u = 4*y, -2*y = -0*y - 5*r - 39. Let j = 11 + y. What are the prime factors of j?
3, 11
Let t = -25 + 28. Suppose 2*a + t*z - 169 = -2*a, -4*z + 26 = a. Let o = -24 + a. What are the prime factors of o?
2, 11
Let a be (1 - 3) + 2 + 5. Let d be ((-216)/30)/(3/(-40)). Suppose -o = -a*o + d. What are the prime factors of o?
2, 3
Suppose 0 = -z - 4, -a + 2*z = 4*a - 128. Suppose -5*o = q + 43 + a, o - 2*q = -20. Let v = 81 + o. List the prime factors of v.
67
Suppose 465 = 3*j - 15. What are the prime factors of j/2 - (-20 + 19)?
3
Suppose 5*c = -3*q + 1830, 3*q + 579 + 495 = 3*c. List the prime factors of c.
3, 11
Let m(r) = -r**3 - 39*r**2 + 33*r - 97. What are the prime factors of m(-40)?
3, 61
Suppose 29*f - 4451 - 6569 = 0. List the prime factors of f.
2, 5, 19
Let f(t) = 2*t**2 + 7*t + 2. What are the prime factors of f(9)?
227
Let c = 18 - 52. Let i = 48 + c. List the prime factors of i.
2, 7
Suppose 3*v - 2*j - 29 = 0, v + 3*j = -j + 19. Suppose -v = -2*h - 5. Suppose h*m + 39 = 4*o - 3*o, -4*m = -20. What are the prime factors of o?
2, 3
Suppose -5*o + 5*m + 9108 - 1903 = 0, 2*m = 2. List the prime factors of o.
2, 7, 103
Let h(q) = 2*q - 14. Let i be h(8). Suppose 88 = 3*k - s, 2*k - 40 = i*s - 6*s. What are the prime factors of k?
2, 7
Let k(y) = -3*y**2 + y + 212. List the prime factors of k(0).
2, 53
Let c(o) = o**3 - 9*o**2 + 22*o - 16. List the prime factors of c(12).
2, 5, 17
Let r = -6 + 18. List the prime factors of (-2)/r - 662/(-12).
5, 11
Suppose 0 = -4*o + 224 + 332. What are the prime factors of o?
139
Let s(z) = 4*z**2 + z - 2. Let j be s(1). Suppose g + 270 = j*g. Let q = g + -87. List the prime factors of q.
2, 3
Suppose 2*z + 0*z = 2*m + 68, 5*m = -10. Suppose 0 = 9*d + 395 - 602. Let f = z - d. What are the prime factors of f?
3
Suppose 26*o - 36*o + 680 = 0. Let u be (0 - -1)*(13 + -1). Suppose 5*m - o = u. What are the prime factors of m?
2
Let z(q) be the second derivative of -q**5/20 - q**4 - 4*q**2 - 2*q. Let s be z(-12). Let r = s + 28. List the prime factors of r.
2, 5
What are the prime factors of 13/26 - 6999/(-6)?
3, 389
Suppose -4*w = -10 - 2. Suppose w*b = -24 + 291. What are the prime factors of b?
89
Suppose 5*q - 32 = 4*w, -12 - 15 = -3*q + 5*w. Suppose 7*g - 15 = q*g. Suppose z - g*z + 16 = 0. What are the prime factors of z?
2
Let c = 11 - 7. Suppose y - c = -2. Suppose 2*v - 79 = q, -4*q = -y*q + 10. List the prime factors of v.
37
Let t(k) = 2*k**3 + 10*k**2 - 15*k - 1. List the prime factors of t(5).
2, 53
Suppose 4*z + 5*c - 2021 = 0, -11*c - 10 = -13*c. What are the prime factors of z?
499
Suppose 0 = 3*a - 253 - 758. Suppose 10*t - 283 = a. List the prime factors of t.
2, 31
Suppose 5*z - 891 - 744 = 5*l, -4*l = 2*z - 642. List the prime factors of z.
5, 13
Suppose -3*s + 111 + 18 = 0. Let k = s - 10. List the prime factors of k.
3, 11
Let f be (2 + -1 + 1)*(-2 + 3). Suppose 5*o - 2*c = f*c + 382, 4*c = 3*o - 226. List the prime factors of o.
2, 3, 13
Suppose 5*m + 1 - 34 = -h, -165 = -5*h + 3*m. Suppose u + u + 29 = t, -t + 4*u + h = 0. Let r = 63 - t. What are the prime factors of r?
2, 19
Suppose 2*o - 34 = -2*j - 0*o, 0 = 3*o - 9. Let d be ((-2)/4)/(j/(-84)). Suppose -4*t - d*x + 0*x = -54, -5*x = -10. List the prime factors of t.
2, 3
Suppose 0 = h + h - 50. What are the prime factors of (-1 + -3)*(-5 - h)?
2, 3, 5
Let l = -1379 - -1988. List the prime factors of l.
3, 7, 29
Let z(n) = n**2 - 15*n + 30. Let v be z(12). Let h = v + 20. List the prime factors of h.
2, 7
Let j(p) = -68*p**3 - p**2 + 17*p + 16. What are the prime factors of j(-4)?
2, 3, 7, 17
Let p = 48 - 43. Suppose -o = -a - 13 + 5, 3*a + 12 = -o. Suppose 4*i = o*g, 5*g - 5 = p*i - 0*g. What are the prime factors of i?
3
Let l = 1169 - -1988. List the prime factors of l.
7, 11, 41
Let i(a) = a**3 - 6*a**2 + 6*a + 3. Let w be -4*5*6/(-15). Let g be (w - 0) + (-6)/2. List the prime factors of i(g).
2
Let n = 5 + -2. Suppose -5*d = -2*i + 16, d = 5*i - 20 + n. Suppose -4*c = 4*m - i*m - 80, -5*c - 2*m + 97 = 0. List the prime factors of c.
3, 7
Let h = -3 - -9. Suppose -h = -2*s - 0*s, -2*s = -2*d + 220. What are the prime factors of d?
113
Let d = -36 - -209. What are the prime factors of d?
173
Let b = -25 + 35. Suppose 3*m - b = -4. Suppose m*n = 4*a + 26, 3*a - 3 = -0. List the prime factors of n.
3, 5
Let x(j) = -15*j**2 - j + 5. Let l(d) = -1. Suppose 0 = -4*u - 4*b - 37 + 13, 0 = -4*b - 20. Let t(w) = u*x(w) - 5*l(w). What are the prime factors of t(-1)?
2, 7
Let p(a) = 46*a**2 + 3*a + 3. List the prime factors of p(2).
193